{"id":233,"date":"2022-11-06T20:50:14","date_gmt":"2022-11-06T19:50:14","guid":{"rendered":"https:\/\/bseschwege.de\/wp\/?page_id=233"},"modified":"2026-04-13T14:11:59","modified_gmt":"2026-04-13T12:11:59","slug":"foerderverein","status":"publish","type":"page","link":"https:\/\/bseschwege.de\/wp\/foerderverein\/","title":{"rendered":"F\u00f6rderverein"},"content":{"rendered":"\n<div class=\"foerderverein-box\">\n\n  <!-- Intro -->\n  <div class=\"foerder-intro\">\n    <i class=\"fas fa-hand-holding-heart\"><\/i>\n    <p>\n      Der Verein f\u00f6rdert die allgemeine, berufliche sowie kulturelle Aus- und Weiterbildung von Sch\u00fclerinnen und Sch\u00fclern, Auszubildenden, Lehrkr\u00e4ften sowie Mitarbeiterinnen und Mitarbeiter der Betriebe der Region.\n    <\/p>\n  <\/div>\n\n  <div class=\"divider\"><\/div>\n\n  <!-- Aufgaben -->\n  <div class=\"foerder-section\">\n    <span class=\"section-title\">\n      <i class=\"fas fa-tasks\"><\/i> Aufgaben des Vereins\n    <\/span>\n    <ul class=\"foerder-list\">\n      <li>Unterst\u00fctzung der Ausstattung der Beruflichen Schulen in Eschwege<\/li>\n      <li>F\u00f6rderung neuer p\u00e4dagogischer Entwicklungsprozesse<\/li>\n      <li>St\u00e4rkung der Eigenverantwortlichkeit der Lernenden<\/li>\n    <\/ul>\n  <\/div>\n\n  <div class=\"divider\"><\/div>\n\n  <!-- Call to Action -->\n  <div class=\"foerder-cta\">\n    <span class=\"section-title\">\n      <i class=\"fas fa-hands-helping\"><\/i> Unterst\u00fctzen Sie uns\n    <\/span>\n    <div class=\"cta-buttons\">\n      <a href=\"#\" class=\"kontakt-link\">\n        <i class=\"fas fa-user-plus kontakt-icon\"><\/i>\n        <span>Mitglied werden<\/span>\n      <\/a>\n      <a href=\"#\" class=\"kontakt-link\">\n        <i class=\"fas fa-donate kontakt-icon\"><\/i>\n        <span>Einzelspende<\/span>\n      <\/a>\n    <\/div>\n  <\/div>\n\n  <div class=\"divider\"><\/div>\n\n  <!-- Ansprechpartner -->\n  <div class=\"foerder-section\">\n    <span class=\"section-title\">\n      <i class=\"fas fa-user\"><\/i> Ansprechpartner\n    <\/span>\n\n\t<div class=\"kontakt-multi-container\">\n\n\t  <!-- Person 1 -->\n\t  <div class=\"kontakt-box kompakt-kontakt-modern\">\n\t\t<div class=\"kontakt-header\">\n\t\t  <span class=\"kontakt-role\">Vorsitzender<\/span>\n\t\t  <span class=\"kontakt-name\">Stefan Altmann<\/span>\n\t\t<\/div>\n\n\t\t<div class=\"kontakt-buttons\">\n\t\t  <a href=\"mailto:bs.esw.fv@online.de\" class=\"kontakt-link\">\n\t\t\t<i class=\"fas fa-envelope kontakt-icon\"><\/i>\n\t\t\t<strong>E-Mail:<\/strong> bs.esw.fv@online.de\n\t\t  <\/a>\n\t\t<\/div>\n\t  <\/div>\n\n\t  <!-- Person 2 -->\n\t  <div class=\"kontakt-box kompakt-kontakt-modern\">\n\t\t<div class=\"kontakt-header\">\n\t\t  <span class=\"kontakt-role\">Stellvertreter<\/span>\n\t\t  <span class=\"kontakt-name\">Thomas M\u00fclverstedt<\/span>\n\t\t<\/div>\n\n\t\t<div class=\"kontakt-buttons\">\n\t\t  <a href=\"mailto:muelverstedt.t@bs-eschwege.de\" class=\"kontakt-link\">\n\t\t\t<i class=\"fas fa-envelope kontakt-icon\"><\/i>\n\t\t\t<strong>E-Mail:<\/strong> muelverstedt.t@bs-eschwege.de\n\t\t  <\/a>\n\t\t<\/div>\n\t  <\/div>\n\n\t<\/div>\n  <\/div>\n\n  <div class=\"divider\"><\/div>\n\n  <!-- Download -->\n<!-- Download -->\n<div class=\"download-section\">\n  <a href=\"https:\/\/bseschwege.de\/wp\/downloads\/#foerderverein\" class=\"kontakt-info-link\">\n    <i class=\"fas fa-download info-icon\"><\/i>\n    Satzung &#038; Beitrittsformular\n  <\/a>\n  <span class=\"download-info\">\n    Die Satzung und das Beitrittsformular finden Sie im Downloadbereich.\n  <\/span>\n<\/div>\n\n<\/div>\n\n<style>\n\/* Basis *\/\n.foerderverein-box {\n  display: flex;\n  flex-direction: column;\n  gap: 16px;\n  padding: 20px;\n  border-radius: 10px;\n  background: linear-gradient(135deg, #f9f9f9 0%, #f1f5f9 100%);\n  border: 1px solid #e3e8ee;\n  box-shadow: 0 2px 8px rgba(0,0,0,0.08);\n  max-width: 700px;\n  margin: 0 auto;\n  font-family: sans-serif;\n}\n\n.download-section {\n  text-align: center;\n  display: flex;\n  flex-direction: column;\n  gap: 6px;\n  margin-top: 10px;\n}\n\n.download-info {\n  font-size: 13px;\n  color: #555;\n  line-height: 1.3;\n}\n\n\/* Intro *\/\n.foerder-intro {\n  text-align: center;\n  color: #555;\n}\n.foerder-intro i {\n  font-size: 22px;\n  color: var(--bsesw-color);\n  margin-bottom: 6px;\n  display: block;\n}\n\n\/* Sections *\/\n.foerder-section {\n  display: flex;\n  flex-direction: column;\n  gap: 8px;\n}\n\n.section-title {\n  font-size: 14px;\n  font-weight: 600;\n  color: #333;\n  display: flex;\n  align-items: center;\n  gap: 6px;\n  justify-content: center;\n}\n.section-title i {\n  color: var(--bsesw-color);\n}\n\n.foerder-list {\n  margin: 0;\n  padding-left: 18px;\n  color: #555;\n}\n\n\/* CTA Buttons *\/\n.cta-buttons {\n  display: flex;\n  gap: 12px;\n  justify-content: center;\n  flex-wrap: wrap;\n}\n\n\n.divider {\n  height: 1px;\n  background: #e3e8ee;\n}\n\n\/* Mobile *\/\n@media (max-width: 600px) {\n  .cta-buttons {\n    flex-direction: column;\n  }\n  .kontakt-list {\n    flex-direction: column;\n  }\n}\n<\/style>\n","protected":false},"excerpt":{"rendered":"<p>Der Verein f\u00f6rdert die allgemeine, berufliche sowie kulturelle Aus- und Weiterbildung von Sch\u00fclerinnen und Sch\u00fclern, Auszubildenden, Lehrkr\u00e4ften sowie Mitarbeiterinnen und Mitarbeiter der Betriebe der Region. Aufgaben des Vereins Unterst\u00fctzung der Ausstattung der Beruflichen Schulen in Eschwege F\u00f6rderung neuer p\u00e4dagogischer Entwicklungsprozesse St\u00e4rkung der Eigenverantwortlichkeit der Lernenden Unterst\u00fctzen Sie uns Mitglied werden&hellip; <\/p>\n","protected":false},"author":1,"featured_media":0,"parent":0,"menu_order":0,"comment_status":"closed","ping_status":"closed","template":"","meta":{"footnotes":""},"class_list":["post-233","page","type-page","status-publish","hentry"],"_links":{"self":[{"href":"https:\/\/bseschwege.de\/wp\/wp-json\/wp\/v2\/pages\/233","targetHints":{"allow":["GET"]}}],"collection":[{"href":"https:\/\/bseschwege.de\/wp\/wp-json\/wp\/v2\/pages"}],"about":[{"href":"https:\/\/bseschwege.de\/wp\/wp-json\/wp\/v2\/types\/page"}],"author":[{"embeddable":true,"href":"https:\/\/bseschwege.de\/wp\/wp-json\/wp\/v2\/users\/1"}],"replies":[{"embeddable":true,"href":"https:\/\/bseschwege.de\/wp\/wp-json\/wp\/v2\/comments?post=233"}],"version-history":[{"count":10,"href":"https:\/\/bseschwege.de\/wp\/wp-json\/wp\/v2\/pages\/233\/revisions"}],"predecessor-version":[{"id":8933,"href":"https:\/\/bseschwege.de\/wp\/wp-json\/wp\/v2\/pages\/233\/revisions\/8933"}],"wp:attachment":[{"href":"https:\/\/bseschwege.de\/wp\/wp-json\/wp\/v2\/media?parent=233"}],"curies":[{"name":"wp","href":"https:\/\/api.w.org\/{rel}","templated":true}]}}

Förderverein

<div class="foerderverein-box">

  <!-- Intro -->
  <div class="foerder-intro">
    <i class="fas fa-hand-holding-heart"></i>
    <p>
      Der Verein fördert die allgemeine, berufliche sowie kulturelle Aus- und Weiterbildung von Schülerinnen und Schülern, Auszubildenden, Lehrkräften sowie Mitarbeiterinnen und Mitarbeiter der Betriebe der Region.
    </p>
  </div>

  <div class="divider"></div>

  <!-- Aufgaben -->
  <div class="foerder-section">
    <span class="section-title">
      <i class="fas fa-tasks"></i> Aufgaben des Vereins
    </span>
    <ul class="foerder-list">
      <li>Unterstützung der Ausstattung der Beruflichen Schulen in Eschwege</li>
      <li>Förderung neuer pädagogischer Entwicklungsprozesse</li>
      <li>Stärkung der Eigenverantwortlichkeit der Lernenden</li>
    </ul>
  </div>

  <div class="divider"></div>

  <!-- Call to Action -->
  <div class="foerder-cta">
    <span class="section-title">
      <i class="fas fa-hands-helping"></i> Unterstützen Sie uns
    </span>
    <div class="cta-buttons">
      <a href="#" class="kontakt-link">
        <i class="fas fa-user-plus kontakt-icon"></i>
        <span>Mitglied werden</span>
      </a>
      <a href="#" class="kontakt-link">
        <i class="fas fa-donate kontakt-icon"></i>
        <span>Einzelspende</span>
      </a>
    </div>
  </div>

  <div class="divider"></div>

  <!-- Ansprechpartner -->
  <div class="foerder-section">
    <span class="section-title">
      <i class="fas fa-user"></i> Ansprechpartner
    </span>

	<div class="kontakt-multi-container">

	  <!-- Person 1 -->
	  <div class="kontakt-box kompakt-kontakt-modern">
		<div class="kontakt-header">
		  <span class="kontakt-role">Vorsitzender</span>
		  <span class="kontakt-name">Stefan Altmann</span>
		</div>

		<div class="kontakt-buttons">
		  <a href="mailto:bs.esw.fv@online.de" class="kontakt-link">
			<i class="fas fa-envelope kontakt-icon"></i>
			<strong>E-Mail:</strong> bs.esw.fv@online.de
		  </a>
		</div>
	  </div>

	  <!-- Person 2 -->
	  <div class="kontakt-box kompakt-kontakt-modern">
		<div class="kontakt-header">
		  <span class="kontakt-role">Stellvertreter</span>
		  <span class="kontakt-name">Thomas Mülverstedt</span>
		</div>

		<div class="kontakt-buttons">
		  <a href="mailto:muelverstedt.t@bs-eschwege.de" class="kontakt-link">
			<i class="fas fa-envelope kontakt-icon"></i>
			<strong>E-Mail:</strong> muelverstedt.t@bs-eschwege.de
		  </a>
		</div>
	  </div>

	</div>
  </div>

  <div class="divider"></div>

  <!-- Download -->
<!-- Download -->
<div class="download-section">
  <a href="https://bseschwege.de/wp/downloads/#foerderverein" class="kontakt-info-link">
    <i class="fas fa-download info-icon"></i>
    Satzung &#038; Beitrittsformular
  </a>
  <span class="download-info">
    Die Satzung und das Beitrittsformular finden Sie im Downloadbereich.
  </span>
</div>

</div>

<style>
/* Basis */
.foerderverein-box {
  display: flex;
  flex-direction: column;
  gap: 16px;
  padding: 20px;
  border-radius: 10px;
  background: linear-gradient(135deg, #f9f9f9 0%, #f1f5f9 100%);
  border: 1px solid #e3e8ee;
  box-shadow: 0 2px 8px rgba(0,0,0,0.08);
  max-width: 700px;
  margin: 0 auto;
  font-family: sans-serif;
}

.download-section {
  text-align: center;
  display: flex;
  flex-direction: column;
  gap: 6px;
  margin-top: 10px;
}

.download-info {
  font-size: 13px;
  color: #555;
  line-height: 1.3;
}

/* Intro */
.foerder-intro {
  text-align: center;
  color: #555;
}
.foerder-intro i {
  font-size: 22px;
  color: var(--bsesw-color);
  margin-bottom: 6px;
  display: block;
}

/* Sections */
.foerder-section {
  display: flex;
  flex-direction: column;
  gap: 8px;
}

.section-title {
  font-size: 14px;
  font-weight: 600;
  color: #333;
  display: flex;
  align-items: center;
  gap: 6px;
  justify-content: center;
}
.section-title i {
  color: var(--bsesw-color);
}

.foerder-list {
  margin: 0;
  padding-left: 18px;
  color: #555;
}

/* CTA Buttons */
.cta-buttons {
  display: flex;
  gap: 12px;
  justify-content: center;
  flex-wrap: wrap;
}


.divider {
  height: 1px;
  background: #e3e8ee;
}

/* Mobile */
@media (max-width: 600px) {
  .cta-buttons {
    flex-direction: column;
  }
  .kontakt-list {
    flex-direction: column;
  }
}
</style>

<p>Der Verein fördert die allgemeine, berufliche sowie kulturelle Aus- und Weiterbildung von Schülerinnen und Schülern, Auszubildenden, Lehrkräften sowie Mitarbeiterinnen und Mitarbeiter der Betriebe der Region. Aufgaben des Vereins Unterstützung der Ausstattung der Beruflichen Schulen in Eschwege Förderung neuer pädagogischer Entwicklungsprozesse Stärkung der Eigenverantwortlichkeit der Lernenden Unterstützen Sie uns Mitglied werden&hellip; </p>
